s of 1269.
3, 47
List the prime factors of 4243.
4243
What are the prime factors of 43281?
3, 7, 229
What are the prime factors of 31523?
29, 1087
List the prime factors of 6768.
2, 3, 47
What are the prime factors of 15809?
15809
What are the prime factors of 245?
5, 7
What are the prime factors of 4455?
3, 5, 11
What are the prime factors of 769?
769
What are the prime factors of 4566?
2, 3, 761
What are the prime factors of 3013?
23, 131
What are the prime factors of 1200?
2, 3, 5
What are the prime factors of 4106?
2, 2053
List the prime factors of 2142.
2, 3, 7, 17
What are the prime factors of 5678?
2, 17, 167
What are the prime factors of 25219?
25219
What are the prime factors of 7486?
2, 19, 197
List the prime factors of 2775.
3, 5, 37
List the prime factors of 8886.
2, 3, 1481
What are the prime factors of 2027?
2027
What are the prime factors of 190253?
7, 27179
What are the prime factors of 5682?
2, 3, 947
What are the prime factors of 1266?
2, 3, 211
What are the prime factors of 574?
2, 7, 41
What are the prime factors of 12610?
2, 5, 13, 97
What are the prime factors of 138?
2, 3, 23
List the prime factors of 51993.
3, 53, 109
What are the prime factors of 11851?
7, 1693
List the prime factors of 796.
2, 199
List the prime factors of 13964.
2, 3491
What are the prime factors of 28690?
2, 5, 19, 151
List the prime factors of 85561.
7, 17, 719
What are the prime factors of 4883?
19, 257
List the prime factors of 2752.
2, 43
List the prime factors of 27802.
2, 13901
What are the prime factors of 870?
2, 3, 5, 29
List the prime factors of 16851.
3, 41, 137
List the prime factors of 2385.
3, 5, 53
List the prime factors of 3872.
2, 11
What are the prime factors of 1949?
1949
What are the prime factors of 42527?
23, 43
What are the prime factors of 459?
3, 17
What are the prime factors of 62106?
2, 3, 11, 941
List the prime factors of 8043.
3, 7, 383
List the prime factors of 18499.
13, 1423
What are the prime factors of 650?
2, 5, 13
List the prime factors of 14224.
2, 7, 127
What are the prime factors of 2752?
2, 43
List the prime factors of 7983.
3, 887
What are the prime factors of 54906?
2, 3, 9151
List the prime factors of 1552.
2, 97
List the prime factors of 80.
2, 5
List the prime factors of 3252.
2, 3, 271
What are the prime factors of 951?
3, 317
List the prime factors of 4633.
41, 113
What are the prime factors of 2810?
2, 5, 281
What are the prime factors of 2738?
2, 37
What are the prime factors of 116?
2, 29
What are the prime factors of 2477?
2477
What are the prime factors of 18521?
18521
List the prime factors of 13346.
2, 6673
What are the prime factors of 24748?
2, 23, 269
What are the prime factors of 231?
3, 7, 11
What are the prime factors of 118852?
2, 43, 691
List the prime factors of 4242.
2, 3, 7, 101
What are the prime factors of 21388?
2, 5347
What are the prime factors of 1509?
3, 503
What are the prime factors of 6125?
5, 7
What are the prime factors of 98818?
2, 49409
What are the prime factors of 4234?
2, 29, 73
List the prime factors of 12079.
47, 257
What are the prime factors of 84184?
2, 17, 619
List the prime factors of 7297.
7297
List the prime factors of 2098.
2, 1049
List the prime factors of 2258.
2, 1129
What are the prime factors of 647?
647
What are the prime factors of 929?
929
List the prime factors of 1204.
2, 7, 43
What are the prime factors of 5306?
2, 7, 379
List the prime factors of 19890.
2, 3, 5, 13, 17
What are the prime factors of 102011?
7, 13, 19, 59
What are the prime factors of 372?
2, 3, 31
List the prime factors of 11590.
2, 5, 19, 61
What are the prime factors of 6235?
5, 29, 43
List the prime factors of 6299.
6299
What are the prime factors of 29419?
13, 31, 73
What are the prime factors of 535?
5, 107
List the prime factors of 62457.
3, 109, 191
List the prime factors of 73806.
2, 3, 12301
What are the prime factors of 128990?
2, 5, 12899
List the prime factors of 362.
2, 181
List the prime factors of 60916.
2, 97, 157
What are the prime factors of 57508?
2, 11, 1307
What are the prime factors of 571?
571
What are the prime factors of 1148?
2, 7, 41
List the prime factors of 21873.
3, 23, 317
List the prime factors of 489.
3, 163
What are the prime factors of 76249?
76249
What are the prime factors of 162426?
2, 3, 11, 23, 107
What are the prime factors of 1633?
23, 71
List the prime factors of 301.
7, 43
What are the prime factors of 3117?
3, 1039
List the prime factors of 2728.
2, 11, 31
What are the prime factors of 97193?
83, 1171
What are the prime factors of 21672?
2, 3, 7, 43
List the prime factors of 1079.
13, 83
What are the prime factors of 975?
3, 5, 13
What are the prime factors of 1782?
2, 3, 11
List the prime factors of 1202.
2, 601
What are the prime factors of 31394?
2, 11, 1427
What are the prime factors of 33841?
43, 787
List the prime factors of 16802.
2, 31, 271
List the prime factors of 5237.
5237
What are the prime factors of 2671?
2671
List the prime factors of 75377.
75377
What are the prime factors of 861?
3, 7, 41
List the prime factors of 602.
2, 7, 43
List the prime factors of 7192.
2, 29, 31
List the prime factors of 156188.
2, 39047
What are the prime factors of 1162?
2, 7, 83
List the prime factors of 51010.
2, 5, 5101
List the prime factors of 24334.
2, 23
List the prime factors of 887.
887
What are the prime factors of 3252?
2, 3, 271
What are the prime factors of 1058?
2, 23
List the prime factors of 1830.
2, 3, 5, 61
What are the prime factors of 1193?
1193
What are the prime factors of 1028?
2, 257
List the prime factors of 464.
2, 29
What are the prime factors of 127260?
2, 3, 5, 7, 101
What are the prime factors of 3110?
2, 5, 311
List the prime factors of 5431.
5431
List the prime factors of 46065.
3, 5, 37, 83
List the prime factors of 5518.
2, 31, 89
List the prime factors of 2409.
3, 11, 73
What are the prime factors of 71586?
2, 3, 41, 97
What are the prime factors of 17365?
5, 23, 151
What are the prime factors of 40483?
40483
What are the prime factors of 1968?
2, 3, 41
List the prime factors of 1136.
2, 71
List the prime factors of 5329.
73
What are the prime factors of 8204?
2, 7, 293
List the prime factors of 9855.
3, 5, 73
List the prime factors of 25937.
37, 701
List the prime factors of 712.
2, 89
List the prime factors of 371.
7, 53
List the prime factors of 804.
2, 3, 67
List the prime factors of 3068.
2, 13, 59
List the prime factors of 642.
2, 3, 107
List the prime factors of 81663.
3, 163, 167
List the prime factors of 54369.
3, 7, 863
List the prime factors of 282.
2, 3, 47
What are the prime factors of 8229?
3, 13, 211
List the prime factors of 12100.
2, 5, 11
List the prime factors of 20857.
20857
What are the prime factors of 11939?
11939
What are the prime factors of 954?
2, 3, 53
List the prime factors of 3609.
3, 401
What are the prime factors of 13277?
11, 17, 71
List the prime factors of 15759.
3, 17, 103
List the prime factors of 62888.
2, 7, 1123
What are the prime factors of 12927?
3, 31, 139
What are the prime factors of 189?
3, 7
What are the prime factors of 51979?
59, 881
List the prime factors of 19283.
11, 1753
What are the prime factors of 38047?
38047
List the prime factors of 3730.
2, 5, 373
List the prime factors of 1824.
2, 3, 19
What are the prime factors of 9557?
19, 503
List the prime factors of 3040.
2, 5, 19
List the prime factors of 6395.
5, 1279
What are the prime factors of 3848?
2, 13, 37
List the prime factors of 1183.
7, 13
List the prime factors of 488.
2, 61
List the prime factors of 136862.
2, 11, 6221
List the prime factors of 63511.
7, 43, 211
What are the prime factors of 8169?
3, 7, 389
What are the prime factors of 3696?
2, 3, 7, 11
What are the prime factors of 10846?
2, 11, 17, 29
List the prime factors of 4593.
3, 1531
List the prime factors of 60.
2, 3, 5
What are the prime factors of 1009?
1009
What are the prime factors of 4880?
2, 5, 61
What are the prime factors of 75971?
7, 10853
What are the prime factors of 22597?
59, 383
List the prime factors of 81407.
127, 641
What are the prime factors of 7?
7
What are the prime factors of 2310?
2, 3, 5, 7, 11
What are the prime factors of 3162?
2, 3, 17, 31
List the prime factors of 6141.
3, 23, 89
List the prime factors